{"id":20064,"date":"2023-05-23T11:28:59","date_gmt":"2023-05-23T09:28:59","guid":{"rendered":"https:\/\/www.obracun-placa.com\/?page_id=20064"},"modified":"2026-01-09T13:49:03","modified_gmt":"2026-01-09T12:49:03","slug":"stope-poreza-na-dohodak-opcine-i-gradovi-stope-poreza-na-dohodak","status":"publish","type":"page","link":"https:\/\/www.obracun-placa.com\/index.php\/stope-poreza-na-dohodak-opcine-i-gradovi-stope-poreza-na-dohodak\/","title":{"rendered":"Porez na dohodak &#8211; ni\u017ea i vi\u0161a stopa poreza na dohodak za gradove i op\u0107ine"},"content":{"rendered":"<p style=\"text-align: justify;\"><span style=\"font-family: helvetica, arial, sans-serif; font-size: 10pt;\"><span style=\"color: #333333;\">Servis za obra\u010dun pla\u0107a a\u017eurno odr\u017eava \u0161ifrarnik i osigurava cjelovitost i to\u010dnost podataka!. Iskazane stope poreza na dohodak su u primjeni za isplate od 01.01.2026 !!! <\/span><strong><span style=\"color: #008000;\">Zadnje a\u017euriranje<\/span><\/strong><span style=\"color: #008000;\"><strong>: 31.12.<\/strong><\/span><span style=\"color: #008000;\"><strong>2025.\u00a0<\/strong><\/span><\/span><\/p>\n<p>&nbsp;<\/p>\n<p style=\"text-align: center;\"><span style=\"font-family: helvetica, arial, sans-serif; font-size: 10pt;\"><span style=\"color: #ff0000;\">Upi\u0161ite naziv ili dio naziva grada\/op\u0107ine ili JOPPD \u0161ifru i pritisnite<\/span><strong>\u00a0ENTER:<\/strong><\/span><\/p>\n<p><center><span style=\"font-size: 10pt;\"><form method=\"get\" id=\"searchform\" action=\"https:\/\/www.obracun-placa.com\/index.php\/stope-poreza-na-dohodak-opcine-i-gradovi-stope-poreza-na-dohodak\/?\">\n<div><input type=\"text\" value=\"\" name=\"wcts\" class=\"wct-search\" id=\"s\" onfocus=\"if (this.value == 'Tekst za pretragu, ENTER ...') {this.value = '';}\" onblur=\"if (this.value == '') {this.value = 'Tekst za pretragu, ENTER ...';}\" \/>\n<\/div>\n<input type=\"hidden\" value=\"sifraopcine,pretragaopcina,pretraganaselja,zadnjapromjena\" name=\"wctsf\" \/><\/form>\n<\/span><\/center><center><\/center><center><span style=\"text-align: center; font-family: helvetica, arial, sans-serif; font-size: 10pt;\"><style>.wct-overlay {\n\tpadding: 5px;\n\tbackground-color: white;\n\tborder: 1px black solid;\n\ttop: 1px;\n\tleft: 1px;\n\tvisibility: hidden;\n\toverflow: hidden;\n\tdisplay:none;\n\tmax-width: 300px;\n}\n.wct-td1 {\n\tbackground-color: #808080;\n}\n.wct-td2 {\n\tbackground-color: transparent;\n}\n.wct-td-hover {\n\tbackground-color: #DBD8FE;\n}\n.wct-sortdown {\n\tmargin: 0px 1px 0px 0px !important;\n}\n.wct-sortup {\n\tmargin: 0px 0px 0px 1px !important;\n}\n.wct-table {\n\twidth: 100% !important;\n}\n.wct-search {\n\twidth: 300px !important;\n}\n.wct-errorfield {\n\tborder-right: 0px !important;\n\tborder-bottom: 0px !important;\n\tborder-left: 0px !important;\n}\n.wctarchiveheader {\n\tfont-weight: bold !important;\n}\n.wctarchiveul {\n}\n.wctarchiveli {\n\tline-height: 1.1em !important;\n}\n.wctarchivea {\n\ttext-decoration: none !important;\n}<\/style><\/span><\/center><center><\/center><\/p>\n<p style=\"text-align: justify;\">\n","protected":false},"excerpt":{"rendered":"<p>Servis za obra\u010dun pla\u0107a a\u017eurno odr\u017eava \u0161ifrarnik i osigurava cjelovitost i to\u010dnost podataka!. Iskazane stope poreza na dohodak su u primjeni za isplate od 01.01.2026 !!! Zadnje a\u017euriranje: 31.12.2025.\u00a0 &nbsp; Upi\u0161ite naziv ili dio naziva grada\/op\u0107ine ili JOPPD \u0161ifru i pritisnite\u00a0ENTER:<\/p>\n","protected":false},"author":1502,"featured_media":0,"parent":0,"menu_order":0,"comment_status":"closed","ping_status":"closed","template":"","meta":{"pmpro_default_level":"","footnotes":""},"class_list":["post-20064","page","type-page","status-publish","hentry","pmpro-has-access"],"aioseo_notices":[],"_links":{"self":[{"href":"https:\/\/www.obracun-placa.com\/index.php\/wp-json\/wp\/v2\/pages\/20064","targetHints":{"allow":["GET"]}}],"collection":[{"href":"https:\/\/www.obracun-placa.com\/index.php\/wp-json\/wp\/v2\/pages"}],"about":[{"href":"https:\/\/www.obracun-placa.com\/index.php\/wp-json\/wp\/v2\/types\/page"}],"author":[{"embeddable":true,"href":"https:\/\/www.obracun-placa.com\/index.php\/wp-json\/wp\/v2\/users\/1502"}],"replies":[{"embeddable":true,"href":"https:\/\/www.obracun-placa.com\/index.php\/wp-json\/wp\/v2\/comments?post=20064"}],"version-history":[{"count":180,"href":"https:\/\/www.obracun-placa.com\/index.php\/wp-json\/wp\/v2\/pages\/20064\/revisions"}],"predecessor-version":[{"id":21857,"href":"https:\/\/www.obracun-placa.com\/index.php\/wp-json\/wp\/v2\/pages\/20064\/revisions\/21857"}],"wp:attachment":[{"href":"https:\/\/www.obracun-placa.com\/index.php\/wp-json\/wp\/v2\/media?parent=20064"}],"curies":[{"name":"wp","href":"https:\/\/api.w.org\/{rel}","templated":true}]}}