{"id":1348,"date":"2015-01-21T10:00:55","date_gmt":"2015-01-21T09:00:55","guid":{"rendered":"http:\/\/www.obracun-placa.com\/index.php\/"},"modified":"2017-01-23T15:52:25","modified_gmt":"2017-01-23T14:52:25","slug":"obrazac-doh","status":"publish","type":"page","link":"https:\/\/www.obracun-placa.com\/index.php\/obrazac-doh\/","title":{"rendered":"Obrazac DOH 2014"},"content":{"rendered":"<p>&nbsp;<\/p>\n<p><span style=\"font-family: arial, helvetica, sans-serif;\"><strong>Obrazac DOH <\/strong>&#8211; se koristi za podno\u0161enje\u00a0godi\u0161nje \u00a0prijave poreza na dohodak.<\/span><\/p>\n<p><span style=\"font-family: arial, helvetica, sans-serif;\"><a href=\"#pravilnik\"><span style=\"color: #ffa900;\">Pravilnik o porezu na dohodak<\/span><\/a><\/span><br \/>\n<span style=\"font-family: arial, helvetica, sans-serif;\"> <a href=\"#kakododoh\"><span style=\"color: #ffa900;\">Kako do obrasca DOH?<\/span><\/a><\/span><br \/>\n<span style=\"font-family: arial, helvetica, sans-serif;\"> <strong><span style=\"font-size: large;\"><a href=\"#dohlink\"><span style=\"color: #ffa900;\">Obrasci DOH<\/span><\/a><\/span><\/strong><span style=\"font-size: medium;\"><br \/>\n<\/span><\/span><\/p>\n<p><span style=\"font-family: arial, helvetica, sans-serif;\"><a name=\"pravilnik\"><\/a>Zakonske odredbe\u00a0obaveze\u00a0predaje poreza na dohodak i\u00a0sadr\u017eaja godi\u0161nje prijave poreza na dohodak su regulirane <strong>PRAVILNIKOM O POREZU NA DOHODAK<\/strong> (<a href=\"http:\/\/www.porezna-uprava.hr\/hr_propisi\/_layouts\/in2.vuk.sp.propisi.intranet\/propisi.aspx#id=pro6\" target=\"_blank\" rel=\"nofollow\"><span style=\"color: #ffa900;\">LINK<\/span><\/a>). U nastavku su navedene to\u010dke pravilnika koje reguliraju\u00a0tko ima obavezu predaje godi\u0161nje prijave kao i\u00a0sadr\u017eaj godi\u0161nje prijave poreza na dohodak:<\/span><\/p>\n<ul>\n<li><span style=\"font-family: arial, helvetica, sans-serif;\">Podno\u0161enje godi\u0161nje porezne prijave (Pravilnik \u00a0<strong>-&gt; <\/strong><strong>3.2. -&gt; <\/strong><strong>3.2.1.<\/strong>)<\/span><\/li>\n<li><span style=\"font-family: arial, helvetica, sans-serif;\">Tko ima obavezu\u00a0podno\u0161enje godi\u0161nje porezne prijave (Pravilnik -&gt; <strong>3.2.<\/strong>\u00a0 -&gt; <strong>3.2.2.<\/strong>)<\/span><\/li>\n<li><span style=\"font-family: arial, helvetica, sans-serif;\">Tko nije obavezan\u00a0podnijeti\u00a0godi\u0161nju prijavu (Pravilnik -&gt; <strong>3.2.<\/strong>\u00a0<strong>-&gt; 3.2.3.<\/strong>)<\/span><\/li>\n<li><span style=\"font-family: arial, helvetica, sans-serif;\">Sadr\u017eaj godi\u0161nje porezne prijave (Pravilnik \u00a0-&gt; \u00a0<strong>3.2. -&gt; <\/strong><strong>3.2.4.<\/strong>)<\/span><\/li>\n<li><span style=\"font-family: arial, helvetica, sans-serif;\">Sadr\u017eaj godi\u0161nje porezne prijave \u2013 Obrazac DOH (Pravilnik \u00a0-&gt; <strong>3.2.<\/strong> -&gt;\u00a0<strong>3.2.4.1.<\/strong>)<\/span><\/li>\n<li><span style=\"font-family: arial, helvetica, sans-serif;\">Prilozi uz godi\u0161nju poreznu prijavu \u2013 Obrazac DOH (Pravilnik \u00a0-&gt;\u00a0<strong>3.2.<\/strong> -&gt;\u00a0<strong>3.2.4.2.<\/strong> )<\/span><\/li>\n<\/ul>\n<p><span style=\"font-family: arial, helvetica, sans-serif;\"><strong><a name=\"kakododoh\"><\/a>Kako do Obrasca DOH?<\/strong><\/span><\/p>\n<ul>\n<li><span style=\"font-family: arial, helvetica, sans-serif;\">tiskanu verziju obrasca mo\u017eete kupiti u knji\u017earama<\/span><\/li>\n<li><span style=\"font-family: arial, helvetica, sans-serif;\">u vlastitoj re\u017eiji mo\u017eete ispisti\u00a0obrazac (<a href=\"http:\/\/www.porezna-uprava.hr\/HR_obrasci\/Documents\/POREZ%20NA%20DOHODAK\/DOH.pdf\" target=\"_blank\" rel=\"nofollow\"><span style=\"color: #ffa900;\">iz PDF datoteke<\/span><\/a>)<\/span><\/li>\n<li><span style=\"font-family: arial, helvetica, sans-serif;\">Downloadati XLS verziju obrasca sa interneta (www.rrif.hr) (<span style=\"color: #ffa900;\"><a href=\"http:\/\/www.rrif.hr\/dok\/preuzimanje\/Obrazac-PD2013-RRiF.xls\" target=\"_blank\" rel=\"nofollow\"><span style=\"color: #ffa900;\">LINK<\/span>)<\/a>\u00a0<\/span><\/span><\/li>\n<\/ul>\n<p><span style=\"font-family: arial, helvetica, sans-serif;\">Prve dvije opcije podrazumijevaju ru\u010dno ispunjavanje obrasca u potrebnome broju kopija, ru\u010dno zbrajanje me\u0111uzbrojeva i finalnih pozicija porezne prijave. Nije prakti\u010dno i lako je pogrije\u0161iti. Najbolje rje\u0161enje je koristiti neku od raspolo\u017eivih verzija Obrasca DOH u XLS formatu (Excel). Ne postoji slu\u017ebena verzija Obrasca DOH u XLS formatu koju kreira i distribuira porezna uprava. Te &#8220;elektronske&#8221;\u00a0verzije obrazaca kreiraju i plasiraju razli\u010dite financijske institucije i internet portali. Ispunjavanje porezne prijave u elektronskoj verziji Obrasca DOH je jednostavnije i kvalitetnije. Odre\u0111ene pozicije obrasca koje biste ina\u010de morali ru\u010dno zbrajati se automatski zbrajaju te se uz to vr\u0161e kontrole odre\u0111enih dijelova prijave kako bi se osiguralo da cijelim svojim sadr\u017eajem bude ispravna. Na ovome mjestu svake godine objavljujemo linkove prema kvalitetnijim elektronskim verzijama Obrasca DOH.<\/span><\/p>\n<p style=\"text-align: left;\"><span style=\"text-decoration: underline; font-size: large; font-family: arial, helvetica, sans-serif;\"><strong><a name=\"dohlink\"><\/a>2014. (predaja u 2015.)<\/strong><\/span><\/p>\n<p style=\"padding-left: 30px;\"><span style=\"font-family: arial, helvetica, sans-serif;\"><a href=\"http:\/\/www.rrif.hr\/dok\/preuzimanje\/Obrazac-DOH2014-RRiF-3.xls\" target=\"_blank\" rel=\"nofollow\"><span style=\"font-size: medium;\"><strong><span style=\"color: #ffa900;\">Obrazac DOH za 2014. godinu (XLS)<\/span><\/strong><\/span><\/a> <span style=\"font-size: x-small;\">(izvor: www.rrif.hr)<\/span><\/span><\/p>\n<p style=\"padding-left: 30px;\"><span style=\"font-family: arial, helvetica, sans-serif;\"><span style=\"font-size: medium;\">Kako ispuniti DOH:<\/span><strong style=\"line-height: 1.5em;\"><span style=\"font-size: medium;\">\u00a0<a style=\"line-height: 1.5em;\" href=\"https:\/\/www.obracun-placa.com\/index.php\/prijava-poreza-na-dohodak-za-neznalice-upute-za-prikupljanje-dokumentacije-i-popunjavanje-obrasca-doh\" target=\"_blank\" rel=\"nofollow\"><span style=\"color: #ffa900;\">Prijava poreza na dohodak za porezne laike<\/span><\/a><\/span><br \/>\n<\/strong><\/span><\/p>\n","protected":false},"excerpt":{"rendered":"<p>&nbsp; Obrazac DOH &#8211; se koristi za podno\u0161enje\u00a0godi\u0161nje \u00a0prijave poreza na dohodak. Pravilnik o porezu na dohodak Kako do obrasca DOH? Obrasci DOH Zakonske odredbe\u00a0obaveze\u00a0predaje poreza na dohodak i\u00a0sadr\u017eaja godi\u0161nje prijave poreza na dohodak su regulirane PRAVILNIKOM O POREZU NA DOHODAK (LINK). U nastavku su navedene to\u010dke pravilnika koje reguliraju\u00a0tko ima obavezu predaje godi\u0161nje prijave [&hellip;]<\/p>\n","protected":false},"author":1501,"featured_media":0,"parent":0,"menu_order":0,"comment_status":"closed","ping_status":"open","template":"","meta":{"pmpro_default_level":"","footnotes":""},"class_list":["post-1348","page","type-page","status-publish","hentry","pmpro-has-access"],"aioseo_notices":[],"_links":{"self":[{"href":"https:\/\/www.obracun-placa.com\/index.php\/wp-json\/wp\/v2\/pages\/1348","targetHints":{"allow":["GET"]}}],"collection":[{"href":"https:\/\/www.obracun-placa.com\/index.php\/wp-json\/wp\/v2\/pages"}],"about":[{"href":"https:\/\/www.obracun-placa.com\/index.php\/wp-json\/wp\/v2\/types\/page"}],"author":[{"embeddable":true,"href":"https:\/\/www.obracun-placa.com\/index.php\/wp-json\/wp\/v2\/users\/1501"}],"replies":[{"embeddable":true,"href":"https:\/\/www.obracun-placa.com\/index.php\/wp-json\/wp\/v2\/comments?post=1348"}],"version-history":[{"count":0,"href":"https:\/\/www.obracun-placa.com\/index.php\/wp-json\/wp\/v2\/pages\/1348\/revisions"}],"wp:attachment":[{"href":"https:\/\/www.obracun-placa.com\/index.php\/wp-json\/wp\/v2\/media?parent=1348"}],"curies":[{"name":"wp","href":"https:\/\/api.w.org\/{rel}","templated":true}]}}